 is divided by 3346?
120
Calculate the remainder when 1789187 is divided by 106.
13
What is the remainder when 948837 is divided by 3114?
2181
Calculate the remainder when 164898 is divided by 1078.
1042
Calculate the remainder when 4356363 is divided by 49504.
11
What is the remainder when 503420 is divided by 40?
20
What is the remainder when 399460 is divided by 199720?
20
What is the remainder when 130027 is divided by 2131?
36
Calculate the remainder when 10154251 is divided by 1269279.
19
Calculate the remainder when 41869 is divided by 5715.
1864
Calculate the remainder when 2258737 is divided by 17371.
507
What is the remainder when 101702 is divided by 33566?
1004
Calculate the remainder when 110781 is divided by 1759.
1723
What is the remainder when 39160636 is divided by 53?
49
What is the remainder when 1995334 is divided by 43?
5
What is the remainder when 103747 is divided by 2803?
36
What is the remainder when 491676 is divided by 4809?
1158
What is the remainder when 2353822 is divided by 466?
56
What is the remainder when 25566 is divided by 6180?
846
What is the remainder when 100754 is divided by 218?
38
What is the remainder when 1361232 is divided by 230?
92
Calculate the remainder when 52203369 is divided by 17401087.
108
What is the remainder when 1227225 is divided by 19?
15
What is the remainder when 124512 is divided by 466?
90
Calculate the remainder when 797100 is divided by 41.
19
Calculate the remainder when 1694010 is divided by 4896.
4890
What is the remainder when 1353353 is divided by 10?
3
What is the remainder when 9930 is divided by 3405?
3120
Calculate the remainder when 39568 is divided by 13.
9
What is the remainder when 6347642 is divided by 982?
976
Calculate the remainder when 278955 is divided by 115.
80
What is the remainder when 65517 is divided by 5494?
5083
Calculate the remainder when 13274401 is divided by 1258.
1243
Calculate the remainder when 1033271 is divided by 344419.
14
What is the remainder when 9984246 is divided by 588?
6
What is the remainder when 836278 is divided by 23?
21
Calculate the remainder when 198782360 is divided by 2068.
2064
What is the remainder when 47540871 is divided by 40?
31
What is the remainder when 204934972 is divided by 123?
121
Calculate the remainder when 129212 is divided by 1700.
12
What is the remainder when 4160655 is divided by 74?
5
What is the remainder when 158285 is divided by 407?
369
What is the remainder when 35613789 is divided by 289543?
0
Calculate the remainder when 45634847 is divided by 826.
825
What is the remainder when 50785735 is divided by 75574?
7
Calculate the remainder when 78003 is divided by 4586.
41
Calculate the remainder when 59050 is divided by 29269.
512
Calculate the remainder when 54945250 is divided by 12.
10
Calculate the remainder when 672226 is divided by 223399.
2029
What is the remainder when 138846 is divided by 560?
526
What is the remainder when 2616031 is divided by 2616019?
12
What is the remainder when 686775671 is divided by 6?
5
What is the remainder when 1324804 is divided by 1374?
268
Calculate the remainder when 541970 is divided by 9310.
1990
Calculate the remainder when 10910 is divided by 4762.
1386
Calculate the remainder when 3282621 is divided by 3732.
2193
Calculate the remainder when 9447345 is divided by 803.
50
What is the remainder when 31782663 is divided by 75?
63
Calculate the remainder when 475851 is divided by 1031.
560
Calculate the remainder when 4972651 is divided by 84282.
13
Calculate the remainder when 111287 is divided by 402.
335
Calculate the remainder when 229795285 is divided by 441914.
5
What is the remainder when 344075679 is divided by 520?
519
Calculate the remainder when 323320 is divided by 760.
320
What is the remainder when 183000 is divided by 749?
244
What is the remainder when 102450 is divided by 32975?
3525
Calculate the remainder when 19396175 is divided by 3354.
3347
Calculate the remainder when 918917 is divided by 4994.
21
Calculate the remainder when 857466 is divided by 20.
6
Calculate the remainder when 18991672 is divided by 72765.
7
What is the remainder when 58491042 is divided by 23?
18
Calculate the remainder when 156583 is divided by 7584.
4903
What is the remainder when 219332 is divided by 66?
14
What is the remainder when 688205 is divided by 11282?
3
Calculate the remainder when 351317 is divided by 71.
9
What is the remainder when 13284707 is divided by 66757?
64
Calculate the remainder when 38636628 is divided by 39225.
3
Calculate the remainder when 46425 is divided by 15421.
162
What is the remainder when 6877707 is divided by 128?
11
What is the remainder when 14136728 is divided by 12093?
11
Calculate the remainder when 55600 is divided by 182.
90
What is the remainder when 15834691 is divided by 849?
841
What is the remainder when 73023 is divided by 17772?
1935
Calculate the remainder when 2445022 is divided by 44.
30
What is the remainder when 9540412 is divided by 3640?
3612
Calculate the remainder when 378219657 is divided by 6535.
6532
Calculate the remainder when 31270 is divided by 10331.
277
What is the remainder when 78736 is divided by 763?
147
What is the remainder when 1764990 is divided by 1442?
1424
What is the remainder when 7281811 is divided by 728179?
21
What is the remainder when 4345 is divided by 713?
67
What is the remainder when 759812 is divided by 838?
584
What is the remainder when 71841327 is divided by 810?
807
Calculate the remainder when 92478 is divided by 2261.
2038
What is the remainder when 155240 is divided by 51670?
230
Calculate the remainder when 924487 is divided by 9531.
9511
Calculate the remainder when 924209 is divided by 27176.
225
Calculate the remainder when 2389067 is divided by 1194528.
11
Calculate the remainder when 12936853 is divided by 1643.
1514
Calculate the remainder when 331495 is divided by 41397.
319
What is the remainder when 23069330 is divided by 11534662?
6
Calculate the remainder when 53626691 is divided by 53626677.
14
What is the remainder when 3185653 is divided by 4364?
4297
Calculate the remainder when 6550240 is divided by 81878.
0
What is the remainder when 3211321 is divided by 587?
431
Calculate the remainder when 15623843 is divided by 550.
543
Calculate the remainder when 10749051 is divided by 3589.
3585
What is the remainder when 93778 is divided by 4845?
1723
What is the remainder when 15953 is divided by 1098?
581
Calculate the remainder when 223915 is divided by 24844.
319
Calculate the remainder when 196994 is divided by 39395.
19
Calculate the remainder when 281396 is divided by 12371.
9234
What is the remainder when 417667 is divided by 92?
79
What is the remainder when 7870232 is divided by 1781?
1774
Calculate the remainder when 2326116 is divided by 581505.
96
Calculate the remainder when 54961905 is divided by 264.
9
Calculate the remainder when 33540625 is divided by 3049147.
8
What is the remainder when 7724071 is divided by 406530?
1
Calculate the remainder when 20587919 is divided by 44.
11
Calculate the remainder when 264454464 is divided by 9.
3
What is the remainder when 36865098 is divided by 12288361?
15
What is the remainder when 97490 is divided by 9501?
2480
Calculate the remainder when 1251452 is divided by 13.
7
Calculate the remainder when 89307 is divided by 8527.
4037
What is the remainder when 83715 is divided by 210?
135
Calculate the remainder when 48880 is divided by 1359.
1315
Calculate the remainder when 1259812 is divided by 982.
888
Calculate the remainder when 4538369 is divided by 4538348.
21
Calculate the remainder when 1690857 is divided by 845428.
1
What is the remainder when 193011105 is divided by 82?
79
Calculate the remainder when 196901 is divided by 790.
191
Calculate the remainder when 857725152 is divided by 315.
312
Calculate the remainder when 1780601 is divided by 710.
631
Calculate the remainder when 1777785 is divided by 35.
30
What is the remainder when 2390020 is divided by 13427?
14
Calculate the remainder when 548164 is divided by 16121.
50
Calculate the remainder when 1592961 is divided by 13057.
7
Calculate the remainder when 2162872 is divided by 140.
12
Calculate the remainder when 1339730 is divided by